148 = 0. What is the units digit of q?
2
Let b be -2 + (-4)/(12/(-21)). Suppose -b*p = -p - 8. What is the units digit of p?
2
Let x be 4/7*7/2. Let t(n) = n. Let p be t(x). Let s = p - -9. What is the tens digit of s?
1
Let l = 133 - 42. What is the units digit of 15/30 + l/2?
6
Let g(s) = -4*s + 1. Let n be g(4). What is the tens digit of (-3)/n - (-98)/10?
1
Let d = 41 - 1. What is the tens digit of d?
4
Suppose -2*o = -0*o + 2*q + 38, -o - 2*q - 23 = 0. What is the units digit of (2 + o/(-9))*3?
1
Let s = -5 - -9. Suppose s*d = 5*l - 50, 0*l = -l - 3*d + 29. What is the tens digit of l?
1
Let h = 297 - 552. What is the units digit of 2/(-7) - h/35?
7
What is the units digit of (-8)/4 - (-156 - (-2 + 3))?
5
What is the units digit of (-4)/(-8) - (-295)/10?
0
Let g(u) = -u**2 - u + 104. Let z be g(0). Suppose 3*m - 28 = -l, 2*m - z + 32 = -4*l. What is the units digit of l?
6
Let m = 45 - 29. What is the tens digit of m?
1
Let j = 146 + -84. Let g = j + -26. What is the units digit of g?
6
What is the hundreds digit of (-9)/5*13*-5?
1
Suppose 0 = -5*o - 2*a + 12, 5*o + 2*a = -a + 8. Suppose -36 = -o*i + i. What is the tens digit of i?
1
Let x(v) = 2*v**2 + 6*v + 9. What is the tens digit of x(-5)?
2
Let o = -20 - 15. Let x = o + 59. What is the units digit of x?
4
Let l(d) = -d**2 - 5*d - 1. Suppose 5*t + 3 + 17 = 0. Let h be l(t). Suppose -3*o = 2*g - 27, h*o + 15 = 3*g - o. What is the units digit of g?
9
Suppose 3*b + 44 = g + b, -5*g + 2*b = -196. What is the tens digit of g?
3
Suppose -5*q + 9 = -4*d - 0*d, 41 = 4*d + 5*q. What is the units digit of d + -2*4 + 7?
3
Let q = 27 + -16. Let n = q - 4. What is the units digit of n?
7
Let k = 3 + 9. Suppose -3*c = -k - 6. What is the units digit of c?
6
Let q = -3 - -9. Let g(x) = x**2 - 4*x - 2. What is the tens digit of g(q)?
1
Let b = -1 - 5. Let c(t) = -t**3 - 6*t**2 - t - 4. What is the units digit of c(b)?
2
Let d be 2/(2/3) + -1. Suppose -r - 5*n - 18 = 0, -n = -d*r - 5*n - 12. Let a = r + 0. What is the units digit of a?
2
Let n(m) = -37*m - 15. What is the hundreds digit of n(-7)?
2
What is the tens digit of 6/(-5*4/(-250))?
7
Let t = 5 + 32. What is the units digit of t?
7
Let z(s) = s**3 + 11*s**2 - s + 2. Let p be z(-7). Suppose 3*b = 8*b - p. What is the tens digit of b?
4
Let d = 59 - 38. What is the tens digit of d?
2
Let c = -142 - -202. What is the tens digit of c?
6
Let j = -176 + 286. What is the tens digit of j?
1
Let a(w) = 5*w**2. Let m be a(-1). Let v = -2 + m. Let y = 3 + v. What is the units digit of y?
6
Suppose -v + 12 = 3*v. Let o be v/(3 + -1 + -1). Suppose o*h + 2*c = 39, -6*h + 65 = -h - 3*c. What is the tens digit of h?
1
Let c = 11 - 8. Suppose 2*h = 4*h - 8. Suppose -c*t + 38 = t - 5*b, h = -2*b. What is the units digit of t?
7
Suppose -2*r = -4*r + 5*b + 49, -3*r + 4*b = -63. Suppose 43 = 3*y + 2*a, -2*y = -0*a - a - r. What is the units digit of y?
1
Suppose -2*a + c - 3 = -a, 0 = -2*a - 2*c - 22. Let y(h) = h**3 + 6*h**2 - 9*h - 4. What is the units digit of y(a)?
0
Let x be 2 + (-5)/((-10)/12). What is the units digit of 2/x - (-474)/24?
0
Suppose k = 5, k - 14 = 2*n - 1. What is the units digit of (-10)/15*6/n?
1
Suppose -4*c + 610 = o, -2 = -o - 0*o. What is the units digit of c?
2
Suppose -6*o + 2*o = 0. Suppose o = 2*r + 4*c - 32, -2*r - c + 40 = c. What is the tens digit of r?
2
Let u = -605 + 884. What is the hundreds digit of u?
2
Let o = 4 + 0. Suppose 5*k = k + 12. Let d = o + k. What is the units digit of d?
7
Let w(j) = 2*j**3 + 2*j**2 - 2*j - 1. What is the units digit of w(2)?
9
Let r(p) = p - 3. Let v be r(3). Suppose -5*o - 3*l + 54 = v, 6 = 4*o - 2*o - 4*l. What is the units digit of o?
9
Suppose q - 3*q - 40 = 0. Let v = q - -31. What is the tens digit of v?
1
Suppose 2 = 3*r + 5. Let d = 3 + r. What is the units digit of d?
2
Let t = 1 - -1. Suppose -t*l = l. Suppose -29 = -3*s - 2*s + c, 5*s - 3*c - 27 = l. What is the units digit of s?
6
Let s be -1*1*(-3)/(-1). Let o = -1 + s. What is the units digit of 1 + 7 - o/(-2)?
6
Let f = 55 - 29. Let d(n) = -3*n**2 - 3*n + 1. Let l be d(-3). Let t = f + l. What is the units digit of t?
9
Let q(k) = k**3 + 6*k**2 - 10*k - 5. What is the units digit of q(-7)?
6
Let p = -37 - -16. Let f = -14 - p. Suppose 0*b = -b + f. What is the units digit of b?
7
Let l(h) = 11*h - 57. What is the units digit of l(17)?
0
Suppose -7*z - z = -560. What is the tens digit of z?
7
Let s = 36 + -8. Let k = s - 5. What is the tens digit of k?
2
What is the units digit of 259/14 + 3/(-2)?
7
Suppose -8 + 28 = -5*h. Let m be (12/2)/((-6)/h). Suppose 5*k = -m*n + 65, 0 = 2*n - 0*k + 2*k - 30. What is the tens digit of n?
1
Suppose -5 - 5 = -5*r. Suppose 0 = r*n - 7*n + 90. What is the units digit of n?
8
Let i(w) = w + 1. Let k(p) = -4. Let b(j) = -j. Let o(a) = -4*b(a) + k(a). Let d be o(3). What is the units digit of i(d)?
9
Let z = -45 + 91. What is the tens digit of z?
4
Suppose -4*m + 37 = 1. Let o(a) = a**3 - 9*a**2 + 4*a - 20. What is the units digit of o(m)?
6
Let m(o) = 0 + 5 - 2 - 6 + 16*o. Let s be m(-7). What is the units digit of s/(-9) - 4/(-18)?
3
Suppose -14*i + 1444 + 3456 = 0. What is the hundreds digit of i?
3
Let a(s) = -s**3 + 4*s**2 - 4*s + 4. Let o be a(3). What is the units digit of 11 - -1*(-2)/o?
9
Let u be (-28)/(-16) - 1/(-4). Suppose -2*z - 8 = -c, 4*c + 3*z - u*z - 32 = 0. What is the units digit of c?
8
Let s(k) = k**3 + 11*k**2 + 6*k - 10. What is the tens digit of s(-10)?
3
Let c = 5 + -7. Suppose t - 6*t - u + 104 = 0, 4*t - 2*u - 86 = 0. What is the units digit of 132/t - c/(-7)?
6
Let i(c) = c**3 - 9*c**2 - 10*c + 9. Suppose 4*n - 42 = -5*s, -2*s - 2*n = -6 - 10. What is the units digit of i(s)?
9
Let p(d) = 5*d**2 - 3*d + 4. What is the units digit of p(3)?
0
Let r = -8 - -6. What is the units digit of (r/4)/(11/(-462))?
1
Suppose 0 = 18*g - 16*g - 154. What is the units digit of g?
7
Let b(q) = q**2 - 3*q + 2. Let d be b(4). Let a = d - 3. Suppose 5*y - 36 = -w, -y + 7 = a*w - 45. What is the units digit of w?
6
Suppose 5*w + 4 - 74 = 0. Let g be (-1)/3 + w/6. What is the units digit of (-15)/(-2) + g/4?
8
Let s(v) = -2*v**3 + v**2 - v - 4. What is the tens digit of s(-3)?
6
Let x = 4 - 0. Let t(g) = 3*g - 3. Let p be t(x). Suppose -p*k = -4*k - 55. What is the tens digit of k?
1
Let q = -69 + 132. What is the units digit of q?
3
Let z(h) = -7*h**3 - 3*h**3 + 5*h**2 + 6*h**3 - 6 - 5*h + 5*h**3. What is the tens digit of z(-5)?
1
Let n(w) = 9*w**2. Suppose 2*c + 5*j + 5 = -3, -5*j = -5*c + 15. Let r be n(c). Suppose -4*i = -i - r. What is the units digit of i?
3
Let a(z) = z**2 + 9*z + 6. Let f = -22 - -13. Let x be a(f). Suppose -3*c + 3 = -x. What is the units digit of c?
3
Let h(y) = -y**3 - 7*y**2 - 2*y + 6. Let j be h(-5). Let i = j + 53. What is the units digit of i?
9
Let q = 13 - 0. Let w(j) = -j**2 + 8*j + 6. Let u be w(7). Suppose 4*z - 37 = -5*c + u, -3*c + z + q = 0. What is the units digit of c?
6
Let d(v) = v**2 - 2*v - 4. Let l be d(-4). Suppose -2*y = -10 - l. What is the tens digit of y?
1
Let n = -6 - -9. Let d be 25*4*n/6. Suppose -3*p + 4*u + 8 = -5*p, -4*u - d = -5*p. What is the units digit of p?
6
Let o be (12 + -4)/((-4)/(-6)). Suppose -2*w = -w - o. What is the tens digit of w?
1
Suppose 3*s - 62 = w + w, 0 = 5*w + 5. What is the units digit of s?
0
What is the units digit of 1/(24/20 - 1)?
5
Let l = 1 - -2. Suppose 2 = -v + l. Let p = 7 + v. What is the units digit of p?
8
Let w = -9 + 17. Suppose 3*m + 0*k - 3*k - 111 = 0, -4*k = w. Suppose -4*q = q - m. What is the units digit of q?
7
Let p(v) = v**2 + 6*v - 6. What is the hundreds digit of p(9)?
1
Let s be 10/(-15) + 104/(-6). What is the tens digit of s/(-12)*(-10)/(-1)?
1
Let o = 3 - 1. Let d = 0 + o. Suppose -d*c - 9 = -29. What is the units digit of c?
0
Suppose 0 = -0*c + 5*c - 355. What is the tens digit of c?
7
Let m(h) = 26*h - 9. What is the tens digit of m(4)?
9
Suppose 0 = -4*p + 2*p + 50. What is the units digit of p?
5
Suppose 0 = -2*y - 4*q + 8, -y + 2*y - q = 19. Suppose -3*v = -28 - y. What is the tens digit of v?
1
Suppose 2*i + 71 = 4*m - 19, -i + 55 = 2*m. What is the units digit of m?
5
Let i = -9 + 11. Let k be 5 + 4/(i - 4). Suppose -11 - 40 = -k*v. What is the tens digit of v?
1